850*n - 407. Is s(-6) a composite number?
False
Suppose 0 = -4*m + 4*r + 20, 0 = -5*r - 3 - 2. Suppose -4*q + b - 2 = 0, 2*b = -q + 4*b - m. Suppose q = -7*z - 315 + 2086. Is z a composite number?
True
Suppose -139*d - 49*d - 136*d + 11492604 = 0. Is d prime?
False
Let f(p) = 751*p**3 - 9*p**2 + 6*p - 3. Let h(j) = -j + 18. Let q be h(16). Is f(q) a prime number?
True
Let w(t) = -9*t + 1. Let f be w(5). Let s = f - -43. Is 1348 - s/5*-5 prime?
False
Is (564593/4)/((-6)/(-10) + 154/(-440)) prime?
True
Let m = -107 - -107. Let g = -18 + 18. Is (g - (-354 - -1) - m) + 0 a composite number?
False
Suppose -3*r - 2*a + 52 = 0, 2*r = -3*r + 4*a + 72. Suppose 9 = -13*f + r*f. Is -1 - -4 - (-3160 + f - 3) a composite number?
False
Let k(y) = 2*y**2 - 6*y - 22. Let v be k(10). Let m(s) = -57 - 132*s - 39 + v - 9*s. Is m(-7) a composite number?
False
Let z = -111 - -113. Suppose 25505 = z*n + 2*l + 5481, 5*n = -2*l + 50069. Is n a composite number?
True
Let a(h) = -219*h**3 - 210*h**2 - 2*h - 7. Is a(-6) prime?
True
Let z(u) = -16*u**2 - 5*u - 4. Let x(m) = -m**2 + 12*m - 8. Let a be x(11). Let b be z(a). Let c = 315 - b. Is c prime?
False
Suppose -r + 6*r - 1084 = 10521. Is r a prime number?
False
Let a = 47 - 41. Let y be ((-9)/a)/(2/(-4)) + -1. Suppose -249 - 2681 = -y*x. Is x prime?
False
Let z(d) = 23949*d**2 - 2517*d - 17581. Is z(-7) a prime number?
True
Suppose -2*m + 328058 = 2*p - 1312770, 0 = 4*p + 28. Is m a prime number?
False
Suppose -4*p + 103207 = -52909. Is p a prime number?
False
Let t = -104 - -135. Suppose 74*q = t*q + 176773. Is q prime?
True
Let l(h) = 213*h**2 - 4*h + 33. Let j be l(14). Suppose 4*d = i - j + 6434, 2*i = -3*d + 70637. Is i a prime number?
True
Suppose -13*i + 18*i - 970275 = 4*w, i - w = 194054. Is i a prime number?
False
Let f(q) = -42*q + 22. Let m be f(-2). Suppose 8*l - 6*l - m = 0. Is l prime?
True
Is 4*(-21)/140 - 1883874/(-15) composite?
False
Is 210272646/979 + 2/(-22) prime?
True
Suppose -4*f = -5*h + 108, 2*f - 70 = -3*h + 7*f. Let x be (-5)/h*(1 - 1). Suppose -y + 401 + 42 = x. Is y composite?
False
Suppose 42339 + 370472 = 7*v. Suppose -3*k = 2*b - v, -k - 5*b + 853 = -18783. Is k prime?
True
Let b(n) = 236*n**2 + n + 11. Let z(h) = -6*h - 75. Let f be z(-13). Suppose -4*c = f*w - 3*c - 16, 2*w + 2*c = 8. Is b(w) a composite number?
False
Suppose 88 = 4*v + c, -20*c + 5 = v - 24*c. Suppose 6*i - 80973 = -v*i. Is i composite?
False
Let w(g) be the third derivative of 611*g**4/24 + 5*g**3/2 - 8*g**2 - 4*g. Is w(4) a prime number?
True
Let m be (-1 + 2)/(5/(-6 + 1)). Let d be ((-2)/(-4))/((-22)/(-20) + m). Suppose -8567 - 1178 = -d*b. Is b composite?
False
Suppose 42*g + 4928 = 38*g. Let u be ((22/(-3))/11)/((-4)/(-2022)). Let x = u - g. Is x composite?
True
Suppose 21*a - 16*a - 3451609 = -2*o, 2*a - 1380652 = 2*o. Is a composite?
False
Suppose 0 = -3*k + u + 2*u + 10233, 2*u + 3411 = k. Let y be ((-4)/(-6))/((-6)/k). Let h = -192 - y. Is h a prime number?
False
Let v = 0 + 0. Suppose 16*j - 18*j = -2*d + 11500, -2*d + 11515 = 3*j. Suppose v = -3*o - 4*a + d, o + 2*a + a - 1916 = 0. Is o composite?
True
Let i be 352 - 3/(-3) - 4. Suppose -187 = -4*b + i. Let q = 621 - b. Is q composite?
False
Suppose -3*o = 2*t - 73 - 432, -3*t + 5*o + 729 = 0. Let d = -469 - -474. Suppose q - 119 = -2*b, 0 = 4*b + d*q - q - t. Is b prime?
False
Let j(o) = 9*o**3 + 17*o**2 - 74*o + 811. Is j(9) a prime number?
False
Let a(f) = f**3 + 4*f - 3. Let k be a(1). Suppose -k*x - 4*i = -54, -111 = -3*x - 11*i + 15*i. Is x prime?
False
Let j(d) = 3901*d**2 + 14*d + 53. Is j(-6) composite?
True
Let l be (14/(-21))/(10/795). Let u = l - -472. Is u a composite number?
False
Let r(z) be the third derivative of z**6/120 + 13*z**5/60 + 5*z**4/12 - 31*z**3/6 + z**2. Let k be -13 - (((-70)/8 - -5) + (-2)/8). Is r(k) a composite number?
True
Let u(k) = -4*k + 435. Let x = 383 + -432. Is u(x) a composite number?
False
Let f be -1 - (-16)/14 - (-82)/14. Suppose 3524 = f*h - 2146. Suppose -2*a + 2*u = -h - 2307, -5*a + u = -8118. Is a prime?
False
Let t = 498 + -496. Suppose t*g + 11341 = 3*g. Is g a prime number?
False
Let s be 30/2*(5436 + 1). Suppose 17*c + s = 32*c. Is c composite?
False
Let k = -933009 + 1477610. Is k composite?
False
Suppose 5*t - 9770 = 3*t. Is t a composite number?
True
Let q = 140 - 154. Let m(c) = 6*c**2 + 6*c - 5. Is m(q) composite?
False
Suppose -252661 = 101*n - 1845789 - 2444953. Is n composite?
True
Let l = 466 + -436. Let x(r) = 2*r**3 - 43*r**2 - 3*r + 43. Is x(l) prime?
False
Let c(m) = 7*m**2 + 14*m + 13. Suppose 0*z + 5*z = 35. Suppose 9*r + 20 = z*r. Is c(r) a composite number?
True
Let h = 195 + 40. Let k(m) = -m**3 - 7*m**2 - 9*m + 7. Let s be k(-9). Let b = h + s. Is b a composite number?
True
Suppose 4*d - 5*v = 27, -11*d = -7*d - 4*v - 32. Let x(h) = 14*h - 21. Is x(d) a composite number?
True
Suppose d - g - 103047 = 0, 0 = 5*d - 4*g - 146620 - 368621. Is d a prime number?
False
Let q(j) = 3*j - 49. Let m be q(13). Let c be (2/5 + 8394/m)*-2. Suppose 2*v + 564 = -5*n + c, 0 = -v - 3*n + 557. Is v a prime number?
True
Let f(v) = 12*v - 6. Let n be f(6). Suppose -61*y - 2665 = -n*y. Let k = y - 294. Is k a composite number?
False
Let y(x) = 312*x**2 - 45*x - 2. Is y(-3) prime?
False
Let l(n) = 2*n**3 - 4*n**2 - 7*n + 21. Let h be l(4). Let w = 5 + h. Is w a composite number?
True
Let h(k) = k**3 + 11*k**2 + 16*k + 2. Let o be h(-9). Let r be (o - 18) + 1 + 3. Is 951/12*2*r/3 composite?
False
Let y = 62 + -61. Let x be ((-1)/3)/(y/12). Is (x/(-16))/(1/2164) prime?
True
Let t(x) = 672*x - 43. Let c be t(12). Let u = 13900 - c. Is u a composite number?
False
Suppose 2*o - 19 - 5 = 0. Suppose -o*f = -7967 - 18661. Is f composite?
True
Let j(g) = -13*g + 109. Let b be j(8). Suppose 3177 + 21871 = 4*n. Suppose 0*x - 4*x = -b*s - n, -3*x + 4697 = -4*s. Is x prime?
False
Let w(v) be the third derivative of 551*v**4/24 + 3*v**3/2 + 45*v**2 + 1. Is w(8) prime?
False
Is 60 + -74 + 358149/3 prime?
False
Let z be 7*2/((-7)/(1988/8)). Is 3*2/6 - -1 - z a composite number?
False
Let x = -66 - -67. Let j be (-6566)/(-84) + x/(-6). Let b = 335 + j. Is b composite?
True
Let j(s) = 2599*s - 24. Let b be j(3). Let u = b + -5488. Is u a prime number?
False
Let q(k) = 6*k**2 - 92*k + k + 0*k**2 - 22*k - 5 + 30*k. Is q(21) composite?
True
Let j = -32519 - -1044888. Is j a composite number?
False
Suppose -7*b - 2109 = -10*b. Suppose 9*z + b = -620. Let v = z - -554. Is v prime?
False
Let v(f) = 21*f**3 + 3*f**2 + 12*f - 15. Let t be v(5). Suppose -4*o = -20509 + t. Is o composite?
False
Suppose 0 = 3*c + o + 4057, -c + 2*o - 6*o - 1345 = 0. Let m be 2/(-9) + (-2)/27*c. Suppose -5*g + 795 = m. Is g a composite number?
False
Suppose 41*l = -3*l + 845108. Is l a prime number?
True
Suppose -3*o = -4*k - 1 + 15, 2*o - k + 1 = 0. Let a = -1 - -3. Is -2*o - (-27 - a) a prime number?
False
Let t be ((-17994)/(-8))/((-1)/(-7 - -3)). Is 3*(0 + 1)*t/9 composite?
False
Suppose 11*q - 181*q + 4370964 = -14*q. Is q composite?
False
Suppose -4*a - 5*x + 61 = 0, 2*a - 2*x + 7*x - 43 = 0. Is 28678 + 5 + (a - 5) a prime number?
True
Suppose 176932 = -4*o + y + 704662, -131937 = -o - 2*y. Is o a composite number?
False
Let k(c) = -882*c + 117. Let a(t) = 1765*t - 234. Let n(g) = -2*a(g) - 5*k(g). Is n(6) composite?
True
Let a be (-8 - -2)/(-1 - 5/(-3)). Let d(t) = -t**3 - 9*t**2 + t + 11. Let w be d(a). Suppose -w*k + 383 - 129 = 0. Is k prime?
True
Let c be (-12)/(-10)*170255/51. Let s = -8285 - -15706. Let j = s - c. Is j composite?
True
Let m(k) = 5*k**3 - 3*k**2 + 6*k + 9. Let r = -71 + 70. Let c(b) = -8*b**3 + 3*b + 2. Let p be c(r). Is m(p) composite?
False
Suppose 27*d + 28*d - 31575399 = -86*d. Is d prime?
True
Suppose -4*g + 43*z + 1667291 = 44*z, -g = z - 416828. Is g a composite number?
False
Let t(c) = 18*c - 5. Let f be t(-3). Let v = 62 + f. Suppose -331 = -n + v*l + 223, -4*n = 4*l - 2264. Is n prime?
True
Suppose 5*w + 4710 = -q, 3*q + w + 10773 = -3343. Is (0 - -1)/((-5)/q) prime?
True
Let w(k) = 158596*k**2 - 106*k - 223. Is w(-2) a composite number?
False
Let c(x) = 4841*x**2 + 533*x + 21. Is c(-8) a composite number?
False
Let x be 2 + -6 - -2 - -3 - -2. Suppose 49 + x = 13*w. Suppose -u = -p - 1475, w*u - 5888 = -2*p 